undreds digit of p(0)?
1
Let n(d) = 33*d - 6. What is the tens digit of n(6)?
9
Let s(l) = -l**3 + 6*l**2 + 7*l. Let x be s(7). Suppose m + 4*q - 18 = x, -m = 5*q - 0 - 17. Let f = -6 + m. What is the units digit of f?
6
Let b be (-5)/1*(-1 + 0). Suppose 243 = -5*r - 3*c, 0*r - 4*r - 187 = -b*c. What is the tens digit of (r/28)/(4/(-42))?
1
Let b = 58 + -16. Let g = b - -37. What is the units digit of g?
9
Let o(r) = 3*r**2 + 5*r - 19. Let b(a) = -2*a**2 - 4*a + 18. Let q(v) = 4*b(v) + 3*o(v). What is the tens digit of q(6)?
4
Let i(u) = 7*u**3 - 19*u**2 + 19*u + 28 + 9*u**3 - 15*u**3 + 4*u. What is the hundreds digit of i(18)?
1
Let o = -22 - -32. Suppose 2*w = -0*w - o. Let m(d) = -d**2 - 7*d - 7. What is the units digit of m(w)?
3
Let y = -809 + 1523. What is the tens digit of y?
1
Suppose -4*d = -d. Suppose g - c - 12 = d, -3*g - 2*c + 36 = 2*c. Let z(o) = 2*o - 17. What is the units digit of z(g)?
7
Suppose -2*m - 3*f = 10, -m + 21 = 4*m - 4*f. Let t(o) = 32*o + 8. Let j(k) = 32*k + 7. Let p(r) = 7*j(r) - 6*t(r). What is the units digit of p(m)?
3
Suppose 2*z + 2*z = 4. Let h(j) = 35*j + 1. Let k be h(z). Let w = k + -21. What is the units digit of w?
5
Let h = 1402 - 1110. What is the hundreds digit of h?
2
Let b(z) = -81*z - 121. What is the hundreds digit of b(-21)?
5
Suppose 1678 = -10*w + 12*w. What is the units digit of w?
9
Let v(i) = -i**3 - 6*i**2 + 8*i - 1. Let f be v(-6). What is the units digit of (-1108)/(-7) - (-14)/f?
8
Suppose -4*o = -5*k + 13845, 0 = 2*o - 3 - 7. What is the hundreds digit of k?
7
Let n = 875 + 318. What is the hundreds digit of n?
1
Let v(p) = -2*p**3 - 8*p**2 - 3*p - 4. Let k be v(-4). What is the units digit of ((-7)/(-4) + -1)*k?
6
Let m(k) = 137*k**2 - 17*k + 33. What is the hundreds digit of m(-5)?
5
Let p = 123 - -888. What is the thousands digit of p?
1
Let d(j) = -j**2 + 6*j - 7. Let n = -9 + 14. Let x be d(n). What is the units digit of ((-1)/2)/(x/28)?
7
Suppose -2 = -3*r - 4*h, 5*r - 2*h + 8 = -6. Let k be 4/18 - (-384)/(-27). What is the tens digit of k/r*(-60)/(-28)?
1
Suppose 5*v - a - 24 = 16, -4*v = 2*a - 32. Let q = -6 + v. Suppose -q*p + 0*p + 50 = 0. What is the units digit of p?
5
Let r = -5741 - -8530. What is the units digit of r?
9
Suppose -2*p + 4*r + 14 = -110, -r = 4*p - 275. What is the tens digit of p?
6
Let l(i) = -39*i - 9. Let p(d) = 10*d + 2. Let g(j) = 5*l(j) + 21*p(j). Let y = -260 + 263. What is the units digit of g(y)?
2
Let t be (-3 - (-18)/4)*-14. Let z = 24 + t. Suppose 8 = -4*q, -z*n + 2*n + 72 = -4*q. What is the units digit of n?
4
Suppose 2*l - 1172 = -2*u, -7*l + 3*l = -2*u - 2368. What is the tens digit of l?
9
Suppose -14 = -4*b + 26. Suppose 0 = 4*c - b*c + 360. What is the tens digit of c?
6
Suppose -3*c = s - 9, 3*s - 5*c = -5 - 10. Suppose f = 4*q + 23 + 30, s = 3*f + 5*q - 108. What is the units digit of (-2 - (-3 - 3)) + f?
5
What is the units digit of (-5 + 11646/27)*3?
9
Let i = 1431 + -684. What is the tens digit of i?
4
What is the thousands digit of (-309 - 15)*(-12)/16*14?
3
Let i be 2/(-4) + (117/6 - -5). Let f = 40 - i. What is the tens digit of f?
1
Let u = 1263 + -824. What is the hundreds digit of u?
4
Let c(n) = -96*n + 2. Let m be c(5). What is the tens digit of m/(-6) + 2/(-3)?
7
Suppose 0 = 3*f - 5*b - 4, 3*b + 2*b - 17 = -4*f. Let y = -6 + 13. Suppose 0 = -f*u - y + 55. What is the tens digit of u?
1
Let a(q) = -q**2 + 9*q - 14. Let w be a(5). Let d = 55 + w. What is the tens digit of d?
6
Suppose -71*c + 94560 = -11*c. What is the thousands digit of c?
1
Let b be (-1)/((-1)/(-6))*-4. Let q = 28 - b. What is the tens digit of (-155)/(-10) + (-6)/q?
1
Let m(v) = 37*v**3 + v**2 - v - 2. What is the hundreds digit of m(2)?
2
Suppose z - 3*d + 21 = 4, -3*z - 51 = -3*d. Let a = z + 40. What is the tens digit of a?
2
Let b(w) = w**3 - 4*w**2 - 28*w - 87. What is the units digit of b(14)?
1
Suppose 0 = -5*z - t + 7552, -9*t + 6050 = 4*z - 4*t. What is the tens digit of z?
1
Let i(v) = 3*v**2 - 10*v + 22. Let x be i(14). Suppose 4*m - x = -m. What is the tens digit of m?
9
What is the tens digit of 6380/14 + 8*(-13)/(-364)?
5
What is the hundreds digit of (46 + 0)/(32/160)?
2
Suppose -33*t + 25*t = -13480. What is the units digit of t?
5
Let w(b) be the first derivative of b**3/3 - 3*b**2/2 + 15*b - 16. What is the units digit of w(9)?
9
Let r(a) = -35*a + 13. What is the units digit of r(-4)?
3
Let c = -2643 - -5332. What is the tens digit of c?
8
Let o(i) = -i**3 + 10*i**2 + 15*i - 13. Suppose -207 + 75 = -12*l. What is the tens digit of o(l)?
3
Let u(m) be the third derivative of 3*m**4/8 - 7*m**3/6 + 28*m**2. Suppose -w - 23 = -5*c + 3*w, -3*c = -5*w - 19. What is the units digit of u(c)?
0
Let j be 6/(-21) + 16/7. Suppose -100 = -j*s - 2*s. Let w = s - 18. What is the units digit of w?
7
Suppose 5*i = -15, -4*i - 694 = -22*d + 20*d. What is the tens digit of d?
4
Suppose 0*r - r = -29. Suppose f + 83 = 5*z, 2*z + 0*f + f = r. What is the tens digit of z?
1
Let m = -373 + 1492. What is the tens digit of m?
1
Let p = -115 - -174. Let l = p + 27. What is the tens digit of l?
8
Let i = 1011 + -509. What is the hundreds digit of i?
5
Let v = 993 - 199. What is the hundreds digit of v?
7
Let y(k) = 9*k**2 - 25*k + 163. What is the units digit of y(20)?
3
What is the hundreds digit of (-10)/(-2 - -4) + 401?
3
Let t = -6 - -9. Suppose t*h - 6 = 4*k, 3*k + 2 = h + 4*k. Suppose 5*m = -2*r + 11 + 100, -99 = -5*m + h*r. What is the tens digit of m?
2
Let a(t) be the first derivative of -t**4/4 - 20*t**3/3 - t**2 - 21*t + 24. What is the units digit of a(-20)?
9
Suppose 4*h - 1 = -141. Let y = h + 58. What is the tens digit of y?
2
What is the units digit of ((-20)/30)/((-1)/105)?
0
Let p be 5*((-840)/(-25))/4. Let z = -36 + p. Let b(s) = 8*s + 5. What is the tens digit of b(z)?
5
Suppose 117 = -7*k + 8*k. Suppose 9*u - k = 36. What is the units digit of u?
7
Suppose 5*r - d - 441 = 0, 301 = 4*r - 2*d - 47. Let g = -51 + r. Let y = g + -25. What is the tens digit of y?
1
Suppose -24 = -24*o + 312. What is the tens digit of o?
1
Suppose -38 = -d - 0*d. Let b be (-14)/63 - d/(-9). What is the units digit of -4 - (-8)/b - -45?
3
What is the hundreds digit of 461/3 + (-44)/12 + 3?
1
What is the hundreds digit of 528 + (-4 - 1) + (-9)/(-3)?
5
Let o(s) = -10 + s**2 + s + 3 + s. Let u be o(7). Suppose 2*x + 2*x = u. What is the units digit of x?
4
Let w(k) be the first derivative of -k**4/4 + 13*k**3/3 - 8*k**2 + 2*k + 16. What is the tens digit of w(11)?
6
Suppose 15*c - 7724 - 19066 = 0. What is the tens digit of c?
8
Let l(t) = t**2 + 20*t - 29. Let x be l(-21). Let r(y) = -17*y - 19. What is the tens digit of r(x)?
1
Let w(o) = 18*o**2 - 4*o + 21. What is the tens digit of w(5)?
5
Suppose -9*u + 11*u - 766 = 0. Suppose 4*v = -5*x + u, -54 = -3*x - 3*v + 174. What is the tens digit of x?
7
Let y = 4561 - 1443. What is the thousands digit of y?
3
Suppose -9*n + 54 = -8*n. Suppose -5*k + n = -2*k. Let i = k - -12. What is the units digit of i?
0
Let f(h) be the third derivative of 5*h**4/24 + 2*h**3 - 8*h**2. What is the tens digit of f(5)?
3
What is the units digit of 1/(505/126 - 4)?
6
Let r = 564 - 103. What is the units digit of r?
1
Let k(b) = b. Let j(m) = 42*m + 84. Let t(l) = j(l) - 36*k(l). Let i(o) = 2*o + 28. Let p(n) = -8*i(n) + 3*t(n). What is the units digit of p(0)?
8
Suppose -1 = 2*z + 9, -n - 3*z = -2621. What is the thousands digit of n?
2
Suppose 17*z = 5555 + 4322. What is the units digit of z?
1
What is the units digit of 1*(6/(-1) - -547)?
1
Let n(z) = -z**3 - z - 98. Suppose 0*r = 4*r - 4*u - 16, -3*r + 4*u + 16 = 0. Let x be n(r). What is the units digit of x/(-6) + 5/(-15)?
6
Suppose p - 26 = -22. Suppose -d - 2*j + 0*j + 71 = 0, -4*d = p*j - 280. What is the units digit of d?
9
Suppose -l - 4*j + 21 = 0, -5*l - 3*j + 0 + 20 = 0. What is the units digit of (-140)/(-2) - l/(-1)?
1
What is the hundreds digit of (-3)/(-4)*2852 + 10?
1
Let z(p) = -7*p - 39. Let g(m) = 21*m + 118. Let v(s) = 2*g(s) + 7*z(s). What is the tens digit of v(-14)?
6
What is the hundreds digit of (-974584)/(-234) - (-1)/9?
1
Let s(p) = 396*p - 653. What is the tens digit of s(10)?
0
Let l(h) = 7*h - 27. Suppose 58 = 3*x + 2*t, -2*x - 3*t - 34 = -3*x. What is